5
Let s(f) = -10*f + 10. Calculate s(7).
-60
Let l(t) = 14*t**2 + 1. Calculate l(1).
15
Let q(k) = -2*k**2 - 12*k - 12. Calculate q(-7).
-26
Let w(x) = 26*x - 3. Give w(-2).
-55
Let h(o) = o + 2. What is h(-9)?
-7
Let z(m) = -m**3 - 4*m**2 + 7*m - 6. Calculate z(-6).
24
Let y(j) = 10*j**3 - 2*j**2 - 4*j + 5. What is y(2)?
69
Let f(t) = t**3 - 10*t**2 + 16*t + 12. Give f(8).
12
Let j(g) = g**3 + 16*g**2 - 59*g - 39. Give j(-19).
-1
Let j(w) = 2*w**2 + 11*w + 2. Determine j(-5).
-3
Let k(o) = -2*o**2 + 33*o - 11. What is k(17)?
-28
Let u(c) = 29*c + 82. Determine u(-4).
-34
Let y(r) = 3*r + 98. What is y(-32)?
2
Let r(a) = -a - 8. What is r(11)?
-19
Let r(x) = -2*x - 7. What is r(3)?
-13
Let b(r) = -3*r**2 - 21*r + 9. Calculate b(-7).
9
Let g(v) = 53*v - 1010. Give g(19).
-3
Let a(j) = -16*j + 103. What is a(9)?
-41
Let x(i) = -i**2 - 72*i + 389. Give x(5).
4
Let n(w) = w**3 + 5*w**2 - 24*w - 10. Give n(-8).
-10
Let l(o) = 18*o**2 + 4*o + 3. What is l(-2)?
67
Let l(d) = d**2 + 17*d - 17. What is l(-17)?
-17
Let f(m) = -m**2 + 2*m + 3. Determine f(6).
-21
Let l(c) = -74*c**3 - 2*c**2 + 5*c - 2. Give l(1).
-73
Let g(r) = -3*r**2 + 24*r + 15. Determine g(9).
-12
Let b(a) = -89*a - 21. Calculate b(-1).
68
Let j(x) = -20*x + 20. Calculate j(5).
-80
Let r(p) = -p**3 + 10*p**2 - 8*p. Give r(9).
9
Let n(j) = j**3 - 13*j**2 - 13*j - 12. Give n(14).
2
Let p(v) = -v**2 - 12*v + 18. Calculate p(-15).
-27
Let i(c) = -3*c**2 + 7*c - 4. Calculate i(5).
-44
Let j(f) = -2*f - 27. Determine j(-12).
-3
Let p(n) = -2*n**3 + 19*n**2 - 11*n - 17. Calculate p(9).
-35
Let r(s) = -2*s - 16. What is r(-7)?
-2
Let x(p) = -2*p**3 + 4*p**2 + 4*p - 1. Calculate x(-2).
23
Let q(l) = -3*l + 6. Calculate q(2).
0
Let o(c) = c**3 - 14*c**2 + 14*c - 9. Calculate o(13).
4
Let v(q) = -q**2 - 9*q + 2. Determine v(-5).
22
Let f(j) = -5*j + 117. Determine f(24).
-3
Let w(v) = -v**3 - 15*v**2 + 20*v + 18. Determine w(-16).
-46
Let q(p) = -8*p**2 + 3*p + 1. Give q(-1).
-10
Let w(l) = -l + 4. Calculate w(-10).
14
Let l(r) = -r**3 - 4*r**2 + 12*r + 9. What is l(-6)?
9
Let i(a) = -a**3 - 2*a**2 + 9*a + 6. Calculate i(-4).
2
Let u(r) = 7*r + 90. Calculate u(-14).
-8
Let i(c) = c**3 - 7*c**2 - 11*c + 82. What is i(7)?
5
Let s(v) = v**2 + 12*v + 36. Calculate s(-8).
4
Let q(i) = -i**2 + 78*i + 245. Calculate q(-3).
2
Let c(u) = -11*u - 41. Determine c(-4).
3
Let f(k) = k**3 + 12*k**2 - 11*k + 31. Give f(-13).
5
Let i(v) = 10*v**2 + 1. Determine i(1).
11
Let w(p) = -p**2 - 2*p + 10. Calculate w(-4).
2
Let k(h) = -h**3 - 4*h**2. Give k(-2).
-8
Let v(g) = -2*g**3 + 14*g**2 + 18*g - 21. Determine v(8).
-5
Let k(x) = -2*x - 52. Determine k(-21).
-10
Let x(s) = -s**2 + 13*s - 10. Determine x(3).
20
Let k(w) = 6*w**2 - 1. Determine k(-3).
53
Let a(r) = r**3 - 19*r**2 + 18*r - 24. What is a(18)?
-24
Let d(n) = -5*n - 129. What is d(-27)?
6
Let n(x) = 2*x**3 - 20*x**2 + x - 17. Calculate n(10).
-7
Let k(w) = 3*w**3 - w + 6. Give k(-2).
-16
Let a(i) = -i**3 + 14*i**2 - 25*i - 8. Calculate a(11).
80
Let r(g) = 3*g**3 + 13*g**2 - 17. Calculate r(-5).
-67
Let s(w) = -3*w - 32. Give s(-13).
7
Let a(y) = y**2 + 2*y - 7. Calculate a(-4).
1
Let l(y) = -y**2 + 48*y - 285. Give l(41).
2
Let l(z) = z**3 + 7*z**2 - 11*z - 44. What is l(-7)?
33
Let t(p) = p - 17. What is t(12)?
-5
Let b(x) = -2*x**3 + 11*x**2 + 25*x - 30. What is b(7)?
-2
Let y(b) = 19*b - 51. Calculate y(3).
6
Let x(p) = p**2 + 4*p - 2. Calculate x(-4).
-2
Let t(z) = -2*z**3 + 3*z**2 + z - 2. Calculate t(3).
-26
Let o(a) = -20*a. What is o(-1)?
20
Let j(y) = -y**2 - 24*y - 44. What is j(-21)?
19
Let r(x) = -x**2 + 10*x + 19. What is r(11)?
8
Let j(l) = 5*l - 27. What is j(8)?
13
Let r(x) = 13*x**2 - 493*x - 33. What is r(38)?
5
Let r(m) = 3*m + 11. What is r(-11)?
-22
Let z(w) = w**3 - 13*w**2 + 4*w + 26. What is z(13)?
78
Let a(c) = c + 7. What is a(-3)?
4
Let z(d) = d + 5. Determine z(-14).
-9
Let h(f) = f**2 + 20*f + 38. What is h(-17)?
-13
Let j(c) = -2*c**3 - 2*c**2 + 3*c + 3. Calculate j(-2).
5
Let c(s) = -s**2 - s + 48. Calculate c(7).
-8
Let i(j) = j**2 + 8*j + 3. Give i(-5).
-12
Let d(z) = z**3 - 4*z**2 - 12*z + 62. What is d(4)?
14
Let b(d) = 2*d**2 + 4*d + 6. Give b(-3).
12
Let i(c) = 13*c - 1. Give i(3).
38
Let d(m) = 9*m + 114. Determine d(-13).
-3
Let y(u) = -u + 3. Determine y(4).
-1
Let u(k) = 2*k**3 + 8*k**2 + k - 6. Give u(-3).
9
Let y(d) = -3*d + 40. Determine y(19).
-17
Let l(s) = -s**2 - 10*s - 9. Give l(-11).
-20
Let d(x) = 2*x**2 - 73*x + 297. Calculate d(32).
9
Let h(i) = -2*i**2 + 24*i - 1. What is h(11)?
21
Let q(u) = 2*u**2 - 4*u - 28. Determine q(5).
2
Let w(b) = 9*b**3 - 2*b + 3. Give w(2).
71
Let y(w) = w**3 + 3*w**2 - 4*w + 3. Calculate y(-4).
3
Let u(k) = -2*k + 5. Give u(-8).
21
Let u(w) = 4*w - 12. Determine u(-5).
-32
Let s(r) = -4*r - 136. What is s(-31)?
-12
Let q(f) = -f**3 - 3*f**2 - 6*f - 14. What is q(-4)?
26
Let l(q) = -18*q. Determine l(-1).
18
Let m(q) = -3*q - 105. What is m(-35)?
0
Let o(k) = k**2 - 13*k + 12. What is o(10)?
-18
Let z(u) = -6*u**2 - 9*u + 13. Give z(4).
-119
Let d(m) = -m**2 + 22*m - 8. Calculate d(13).
109
Let s(l) = -2*l + 7. Give s(14).
-21
Let k(o) = -o**2 - 6*o + 187. Calculate k(-17).
0
Let l(g) = g**3 + 3*g**2 + 7*g - 3. Calculate l(-3).
-24
Let j(v) = 80*v**2. What is j(-1)?
80
Let j(q) = q**2 + 12*q - 13. Determine j(-10).
-33
Let i(v) = 5*v - 2. Give i(-6).
-32
Let v(m) = -2*m + 1. Give v(-1).
3
Let u(v) = -v**3 + 19*v**2 + 45*v - 57. Give u(21).
6
Let p(d) = 12*d - 1. Give p(2).
23
Let r(s) = -s**2 - 3*s + 23. Give r(-7).
-5
Let j(i) = i + 3. What is j(-3)?
0
Let t(q) = -q**2 - 2*q + 13. What is t(0)?
13
Let j(v) = -v**2 + 6*v + 15. Calculate j(10).
-25
Let v(t) = -60*t + 437. Give v(7).
17
Let k(r) = -4*r**2 - 6*r + 2. Determine k(-2).
-2
Let g(k) = k**2 + 3*k - 41. Give g(-9).
13
Let a(x) = -5*x + 8. Give a(5).
-17
Let q(y) = 2*y**2 + 9*y + 10. Calculate q(-8).
66
Let r(b) = -2*b**2 + 6*b + 13. Calculate r(7).
-43
Let g(u) = -3*u**2 - 4. Calculate g(3).
-31
Let d(p) = -4*p + 1. What is d(2)?
-7
Let x(o) = -3*o + 3. Determine x(6).
-15
Let q(f) = -2*f**2 - 5*f - 1. Calculate q(2).
-19
Let t(w) = -12*w**3 + 3*w**2 - w - 3. What is t(2)?
-89
Let o(f) = f**3 + 4*f + 6. Determine o(-3).
-33
Let j(q) = q**2 - 4*q - 432. Calculate j(-19).
5
Let m(w) = w**2 - 25*w + 112. What is m(6)?
-2
Let n(r) = -7*r + 5. Give n(-12).
89
Let g(m) = -2*m**2 - 15*m + 15. What is g(-8)?
7
Let b(x) = x**3 - 10*x**2 + 19*x + 12. Determine b(5).
-18
Let k(u) = u**3 - 4*u**2 - 5*u + 2. Determine k(4).
-18
Let i(c) = -c**2 - 4*c + 37. What is i(-8)?
5
Let y(n) = -n**3 + 6*n**2 - 7*n + 15. Calculate y(5).
5
Let k(f) = 2*f**2 + 4*f + 4. Determine k(-2).
4
Let u(i) = i**3 - 6*i**2 - 15*i + 12. Determine u(8).
20
Let l(s) = -s**3 - s**2 + 7*s + 2. Calculate l(4).
-50
Let t(d) = d**2 + 6*d - 15. Give t(-9).
12
Let p(m) = 58*m + 1. Calculate p(1).
59
Let j(i) = -i - 42. Calculate j(-15).
-27
Let f(h) = -h**3 + 10*h**2 + 11*h - 9. Determine f(11).
-9
Let g(k) = -k**2 + 6*k + 3. Determine g(9).
-24
Let t(o) = -3*o + 28. Give t(8).
4
Let x(o) = -o**2 + 17*o - 1. Calculate x(16).
15
Let o(u) = u**2 + 12*u - 5. Give o(-12).
-5
Let d(r) = -10*r**3 + 6*r**2 + 6*r - 1. Calculate d(-1).
9
Let c(o) = -o**3 + 8*o**2 + 9*o. Calculate c(9).
0
Let y(a) = -a**2 + 7*a - 1. Give y(6).
5
Let x(t) = -t**2 + 12*t + 38. What is x(13)?
25
Let t(x) = -2*x. Determine t(-1).
2
Let c(a) = 3*a**2 + a + 2. What is c(-4)?
46
Let n(l) = -l - 35. What is n(-37)?
2
Let l(r) = 2*r**2 - 50*r + 285. Calculate l(16).
-3
Let x(a) = -36*a**2 - 3*a. What is x(1)?
-39
Let p(y) = 3*y**2 + y - 3. Determine p(5).
77
Let a(j) = 2*j**2 + 8*j + 5. What is a(-5)?
15
Let w(p) = -p**2 + 24*p - 52. Give w(8).
76
Let k(w) = -w**2 + 7*w - 8. Calculate k(7).
-8
Let f(k) = -k**2 + 8*k - 6. Give f(6).
6
Let i(z) = z**2 + 2*z - 6. Give i(-8).
42
Let f(u) = -2*u**2 - 10*u + 2. What is f(-6)?
-10
Let f(g) = g**3 + 14*g**2 + 18*g + 72. Give f(-13).
7
Let y(l) = -l**3 - 7*l**2 - 7*l + 16. Calculate y(-5).
1
Let w(c) = -c**3 + 17*c**2 - 14*c - 15. Determine w(16).
17
Let g(t) = 3*t**2 + 4*t - 6. Give g(-3).
9
Let n(i) = 30*i - 7. Give n(2).
53
Let w(l) = 20*l - 3. Give w(2).
37
Let z(i) = i**3 + 5*i**2 + 4*i + 2. What is z(-4)?
2
Let d(p) = p**3 - 7*p**2 - 11*p +